is the value of -23 - (-17 + (14 - 11))?
-9
Evaluate -11 - -10 - (-21 + (5 - 4)).
19
(-3 - (8 + -1)) + 15 - (2 + 10)
-7
(7 - (12 - 5)) + -3 + 13 - -3
13
What is the value of -7 + (-7 - (-3 + 5)) - (0 - -6)?
-22
Evaluate -4 + 8 - (10 - -50 - 27).
-29
What is the value of (-108 - -116) + (0 - 0 - 2) - -7?
13
Evaluate (-96 - -102) + (-6 + 1 - 0).
1
Calculate -10 - (-8 - -5 - 12).
5
Calculate 11 + (-4 + 1 - -1) + -13 + 16.
12
Calculate -19 + (14 - (-1 + (2 - 0))).
-6
Calculate (180 - 185) + -1 + 0 + -1 + 10.
3
Calculate -16 + (12 - -17) + -6.
7
-16 + -1 - (-50 + 63 - 37)
7
(38 + -18 - 28) + -26 + 0
-34
Evaluate -6 + 4 + (1 - 8 - -4).
-5
Evaluate (-17 - -22) + -6 + 16.
15
Calculate -730 + 753 - (17 - 1).
7
(15 + 0 - 0 - 0) + 97 + -102
10
Calculate -36 - (-60 + 32) - (0 + (-4 - 8)).
4
Calculate -5 + -25 + 37 + 0 + 3 + -1.
9
Evaluate -10 + -20 + -12 + 19.
-23
Evaluate -16 + (2 - (-8 - (0 - 6))).
-12
What is -13 - (4 + -9) - (1 + -3 + -1)?
-5
Evaluate 8 - (-8 - -23 - 6).
-1
What is the value of 1 + -23 + 38 - 22?
-6
-3 + 7 + -24 + 13
-7
Evaluate (0 + -7 - (14 - 14)) + 9 + -7.
-5
Evaluate -1 + (2 - -40) - (-690 + 704).
27
Calculate -4 + 9 + -3 + -13.
-11
What is -6 + -17 + 23 + (-15 + 0 - 0)?
-15
What is the value of 9 + (-28 - -11) - 13?
-21
Calculate -25 + -2 + 67 + -9.
31
-9 - (1 + -3 + -6) - (7 + 2)
-10
What is the value of 3 + 14 + -4 + (1 - 3)?
11
What is -8 + 17 - -13 - 39?
-17
-28 - (-30 - 0) - (35 - 2)
-31
What is the value of -3 + -14 + 4 + (50 - 51)?
-14
Evaluate 26 + (0 - 3) + (-258 - -240).
5
What is 10 + (45 - 28) + -27?
0
What is the value of -7 + (7 - (-3 - -3)) + (-23 - -19)?
-4
What is -2 + (17 - (-1 - 9 - -2)) + -2?
21
(-3 - -3 - (-12 - -2)) + (4 - -1)
15
Evaluate 559 + -563 - (9 + -2 - -2).
-13
1 - 2 - -1 - (15 - (7 + 2))
-6
What is the value of (-24 - -23) + 1 - (1 - 0)?
-1
What is -153 - -149 - (0 - -8)?
-12
What is the value of 20 + -31 + 15 + (0 - -26)?
30
Calculate -8 - -7 - (3 - -1 - -6).
-11
Evaluate 2 - 18 - 1 - (-3 - -6 - 1).
-19
Calculate 0 - (23 - 25) - (4 - (22 + -4)).
16
275 - 285 - (1 - 4)
-7
(18 + 7 - -11) + (-3 - (6 - 0))
27
Evaluate -63 - -59 - (5 + 1).
-10
What is the value of -13 - (2 + -4) - ((-2 - -23) + -12)?
-20
Evaluate (9 + -1 + -4 - -3) + -7 - 2.
-2
Evaluate (34 - 20) + (-2 - 5 - (0 + 1)).
6
Evaluate (-11 - (16 - 32)) + 0 + 1 + -11.
-5
Calculate (23 - 45) + 12 - (-13 - -3).
0
Calculate -10 + 1 + (-11 - (-16 - -4)) + 5.
-3
What is 31 + (-4 - (-8 - (6 - 22)))?
19
What is 13 + (4 + -3 - 0)?
14
-1 + -24 + (0 - 1 - (-138 + 135))
-23
What is the value of (5 - (5 - (6 - 6))) + 1 - -3?
4
Evaluate 6 + (-15 - (-11 + 3 + 2 + 9)).
-12
What is -61 + 68 - (-14 - 1) - 7?
15
What is the value of -6 + 12 + 0 - -8?
14
What is the value of -5 + -6 + 22 + -13?
-2
0 - (-9 - 2) - (9 + -9) - 4
7
What is 0 - -16 - 5 - (11 - -1)?
-1
Evaluate -3 + 8 + (-8 - 2) + 6.
1
Evaluate -8 - (89 + -92 + -20 + (1 - 0)).
14
What is the value of 28 + 5 - (33 - (-12 + 50))?
38
Calculate (-15 - (-49 - -13)) + -13.
8
Evaluate 19 - (33 - 53 - -30).
9
13 - ((12 - 9) + 17) - -10
3
Evaluate (13 - (11 + 15 + -19)) + -46.
-40
What is 0 + 0 + -3 - (-53 - (-38 + -20))?
-8
What is -10 + (18 - (-26 - -11)) + 1 + -6?
18
Evaluate 11 + (2 - -13) + -12 + 14.
28
37 + -7 + (34 - 58)
6
Calculate -8 - (-2 + 0 + (41 - 79)).
32
4 + -1 + 0 + 0 + 74 + -105
-28
2 - -27 - (231 - 221)
19
What is -1 - (-47 + 15 + (3 - -11))?
17
Calculate 3 + -17 + 38 + -30 + -2.
-8
Evaluate -10 - (-13 - -10) - (27 + -18).
-16
(-2 + 3 - -7) + 37 + -54 + 33
24
Evaluate -17 + (6 + 4 - -22).
15
Calculate (-13 - (-3 + -10 + -40)) + -14.
26
Calculate 3 + -18 + -1 - -19.
3
What is the value of -18 + -7 - -10 - -1?
-14
Calculate (18 - 1 - (11 + -6) - 11) + -17.
-16
Calculate -4 + -1 + 12 + (-8 - -11 - 8).
2
What is 1 + 21 + (1 + -13 - (11 + -17))?
16
-34 + (21 - 21) + 17
-17
1 + -6 + 0 + -7 + (7 - 3)
-8
What is -12 + 15 + (-18 - -5) - (-4 - 0)?
-6
-4 + -20 + 2 + 28
6
Evaluate 9 - (-4 + 7 + -1 + (1 - -1)).
5
What is 13 + 37 + -35 + (-3 - 2)?
10
Calculate 2 + -2 + -2 - (-88 - -84) - -2.
4
Calculate -1 - 7 - (72 + -47 + -5).
-28
What is the value of -8 - (-9 + (12 - 22))?
11
Calculate -4 + 20 + -2 + 78 + -79.
13
What is the value of (-11 + 16 - 6) + -1 + 3?
1
15 - 48 - (-10 + -15)
-8
What is 17 + -1 - (-2 + -8 - (17 - 27))?
16
(-13 - (-5 + -2 - -4)) + 0 + 29
19
4 + (-18 - 12) + 26
0
Evaluate 2 + 4 + (-8 + -2 - -16) - 18.
-6
Evaluate (9 - -1) + (-34 - -27) - (-3 + -5).
11
Calculate 3 + (-2 - (-21 - -12) - 19).
-9
(42 - 51) + -8 + 7
-10
Evaluate -6 - (-2 - (6 + 0 - 2)).
0
What is the value of 7 - (-9 - 1 - (47 + (26 - 90)))?
0
Evaluate 70 - (38 + 19) - (8 - 1 - 1).
7
-3 + -31 - (-537 - -508)
-5
Evaluate -26 - (-57 + 47 + -6).
-10
Calculate (-11 + 13 - -4 - 4) + 0 + -7.
-5
Calculate -4 - (0 + 4 + -4) - (-40 + 1).
35
What is -61 + 4 + 30 + 29?
2
1 + -12 - (-23 - (-9 - -2))
5
Calculate 10 - 4 - ((5 - 22) + (4 - -1)).
18
Evaluate -35 - (-3 + -7) - -9.
-16
What is -350 + 377 + 1 + -14?
14
What is the value of 3 - -6 - 1 - (-2 - (-3 + 0))?
7
Evaluate 26 + -4 + (-16 - -18).
24
What is -2 + (-1 - -11) + -4 + 0?
4
((-10 - (12 + -16)) + 18 - 4) + -4
4
What is -1 + -7 - (-1228 + 1244)?
-24
What is the value of (0 - -2) + -6 + (-3 + -4 - -4)?
-7
What is 6 - (0 - -1) - (6 + -4 + 4)?
-1
Evaluate -7 - -1 - (11 + (-11 - 3)).
-3
Calculate -2 + -1 + (-34 + 23 - (-36 - -13)).
9
What is the value of 23 - (15 + 13) - (1 + 13) - -6?
-13
1 - (104 + -100 - (1 + 3))
1
Calculate -23 - (8 - (-11 - -18 - (1 + -4))).
-21
What is -34 + 12 + -33 + 23?
-32
-15 - 0 - (-1 - -24 - -3 - 20)
-21
Calculate (-52 - -24) + 37 - 25.
-16
What is 5 + (-13 + 4 - (4 + -6 + 5))?
-7
Evaluate 0 + -12 + (-38 - -65).
15
Evaluate 61 + -43 - 42 - (-5 + -1 - -1).
-19
What is the value of 10 + (8 - 12) - (-14 + 24)?
-4
Calculate 6 + (-5 + -7 - -16) + 11.
21
14 + 3 + (103 - 99)
21
What is the value of -40 + (27 - (30 - 31))?
-12
Calculate -43 - -35 - (4 + -18).
6
Calculate (-4 - -13) + -14 + 4 + 13.
12
Evaluate -43 - (50 + -59) - ((-1 - 1) + -5).
-27
What is 13 + -20 + 8 - -7?
8
Evaluate 32 - -6 - (3 - (9 + -33 + 15)).
26
What is -11 + -23 + 33 - (-1 - -1 - -2)?
-3
What is the value of (5 - -5) + -8 + -14 - (4 + -3)?
-13
(33 + -47 - 11) + -13
-38
27 - (28 + 2) - (0 + -3) - -8
8
What is -1 + 11 + 1 + (218 - 235)?
-6
Evaluate 10 + (-1 + 4 - (21 - 8)).
0
Evaluate -36 - (40 + -35 + -57).
16
Calculate (-14 - -10 - -17) + -10.
3
What is (10 - -4) + -3 - (1 - -5)?
5
Evaluate 0 + 24 + (-1 - 39).
-16
What is 28 - -3 - (27 + 6)?
-2
Evaluate 120 + -166 - (-34 + -7).
-5
Calculate (17 - 2) + -5 + -4.
6
What is (0 + 4 - (-3 - 38)) + -14?
31
Calculate (-10 - -3) + (8 - (4 + 3) - -4).
-2
What is (-8 - (-20 - (4 - 7))) + -8?
1
Calculate -6 + -12 + -1 + 15.
-4
Calculate -147 + 148 - ((0 - -1) + -8) - 2.
6
(-2 - (65 - 35)) + 16 + 2
-14
Evaluate -7 - (-11 - -14) - (0 + -2).
-8
What is the value of -23 + (-25 - (-60 + 18))?
-6
(-27 - -1) + 58 + -41
-9
What is 4 - -11 - (23 - -1)?
-9
What is -17 + (17 - (20 + -5) - (-1 - 2))?
-12
Evaluate 14 + -12 + -11 + 10 - (0 + -2).
3
Calculate -1 - (18 + -28 + 30).
-21
Calculate 15 + (-29 - (1 - 25)).
10
What is -11 - (2 - 6) - (8 + (8 - 9))?
-14
What is the value of ((0 - 6) + 7 - -10) + (-12 - -16)?
15
What is the value of 2 + 1 + 20 + -40 + 30?
13
What is the value of 0 + (-4 - -15 - (16 + -1)) + 16?
12
Calculate (2 - (4 + -6)) + 2 - -7.
13
What is (5 - -7) + (24 - 28) - -2?
10
-4 + 3 - -25 - (-9 + -4 + 19)
18
(2 - 16) + -17 + 14 + 5
-12
Calculate 54 + -47 + -17 + 0 + -1.
-11
Calculate (-8 - 3) + 12 + (-6 - 5).
-10
Evaluate (-45 - -2) + 36 + (1 - -21).
15
Calculate -1 + 1 + (-21 - (-21 + -9)).
9
What is (1 - (6 + -1)) + 7 + 5 + -19?
-11
34 + -23 + 5 + 15
31
Evaluate 4 - (1 + 13 - (5 - -1)).
-4
What is the value of (-8 + -6 + -10 - -15) + (8 - 1)?
-2
Calculate 0 + (-2 - 8) - (-8 - (8 + -21)).
-15
What is 34 + -7 + -14 + -16?
-3
Calculate -9 + (-11 - -21) + -2.
-1
What is the value of 27 - (-15 - (-8 + (-33 - -12)))?
13
What is -1 + (7 - (-11 + 26)) + 37?
28
What is 8 + -26 + (-221 - -217)?
-22
Evaluate (-9 - (-10 - -6)) + (24 - 36).
-17
Evaluate (16 - 25) + 15 + (11 + -5 - 1).
11
What is the value of -40 - (-5 + (-4 + 11 - 15))?
-27
What is the value of -2 + -2 + 26 - (-2 - (7 + -2))?
29
Evaluate -4 + -2 + (-2 - (-12 + 16)).
-12
-16 - 